 178/z*(-15)/6?
9
Let o be 4/30 - (-4)/((-180)/(-18399)). Suppose -5*d - 3*u = -922, 4*d = 5*u + 299 + o. What is the tens digit of d?
8
Let z be 148/(-3)*(-12)/8. Suppose -z = -c - 22. What is the tens digit of c?
5
Suppose -4 = -2*n - 2*n. Suppose o - 21 = 2*k, -o = n + 2. What is the units digit of 16/k*(-105)/20?
7
Let x be (4 - 3)/(1/4). Suppose x*y - 2*y - 20 = 0. What is the units digit of y - (-2 + 2 + -3)?
3
Let f be 8/20*5 + 40. Suppose -2 - 8 = -5*h, 0 = -4*c - 5*h + f. What is the units digit of c?
8
Let v(m) = -m + 5. Let d be v(0). Suppose -h = -18 + d. Let w = 47 - h. What is the tens digit of w?
3
Let k(t) = -t**3 + 4*t**2 - 6*t + 9. What is the hundreds digit of k(-5)?
2
Suppose -16740 = -19*o + 4*o. What is the hundreds digit of o?
1
Let a be 2 - ((-6)/(-2))/(-3). Suppose -r = -5*m - 375, -a*m + 2*r - 3 = 222. What is the units digit of (0 - m) + (-4 - -4)?
5
Let v = 35 - 25. Suppose -u + 10 = -v. What is the units digit of u?
0
Suppose 4*h + b - 100 = 3*b, -2*h + 34 = 3*b. Suppose h*m = 24*m - 106. What is the units digit of m?
6
Suppose 2*t = 2*u - 2, 3*t - 1 = 4*u - 8. Suppose -u*p + 102 + 290 = 0. What is the units digit of p?
8
What is the hundreds digit of (13 + 314)/(-1 - (-6)/4)?
6
Suppose y - 5 = -0. Suppose -8*o + 60 = -y*o. What is the tens digit of -5*(272/o)/(-4)?
1
Let o be (1 - -22)*(14 - 5). Suppose k + o = 4*k. What is the units digit of k?
9
Let g be (9/2)/(((-15)/10)/3). What is the hundreds digit of 1380/9 + 3/g?
1
Let u(m) = m**2 + 8*m + 4. Let q be u(-7). Let c(b) = -24*b - 13. What is the units digit of c(q)?
9
Let v = -25 - -14. Let c be v + 31 - 8/2. Suppose -c = -3*z + 11. What is the units digit of z?
9
Let u(z) = 69*z**2 - 29*z + 67. What is the hundreds digit of u(5)?
6
What is the units digit of 1190/4 + 8/(-80)*-5?
8
Let y = -3544 + 6673. What is the hundreds digit of y?
1
Let g = -882 + 2890. What is the units digit of g?
8
Let s(t) = 9*t**3 - 5*t**2 + 5*t + 9. What is the hundreds digit of s(4)?
5
Suppose v - 838 = -3*i + 2*i, 2513 = 3*v + 4*i. What is the tens digit of v?
3
Let h(b) = -2*b + 21. Let c be h(9). Suppose -5*g - 3*s = -7*s + 17, -c*s = -9. Let t(r) = -20*r + 3. What is the tens digit of t(g)?
2
Let z = -138 + 429. What is the units digit of z?
1
Let r be ((-24)/18)/((-8)/30 - 0). Suppose -3*z + 31 = -5*u, 0 = -r*u + 10*u + 25. What is the units digit of z?
2
Let x be ((-56)/(-10))/(6/15). Suppose -6*p + x = -16. What is the units digit of p?
5
Let b = 145 + 26. What is the tens digit of b?
7
Let c be (-18)/4*-22 - -2. Suppose 0 = -p - 29 + c. What is the units digit of p?
2
Let l = -692 - -3656. What is the hundreds digit of l?
9
Let f(r) = 4*r**2 + 5*r - 13. Let c(m) = 12*m**2 + 14*m - 40. Let q(z) = 6*c(z) - 17*f(z). What is the tens digit of q(6)?
1
Let h = 14 - 12. Suppose -t - 274 = -5*t + h*c, -3*c + 326 = 5*t. What is the units digit of t?
7
Suppose 0 = -88*f + 79*f + 3177. What is the hundreds digit of f?
3
Let c = 15 + -12. Suppose -c*k - 12 = -k. What is the units digit of (27/k)/((-6)/40)?
0
Let v(d) = -d**3 - 28*d**2 - 25*d - 135. What is the units digit of v(-29)?
1
Let i = -101 + 112. Let p(h) = 18*h - 38. What is the hundreds digit of p(i)?
1
Suppose -11*o + 25*o = 18424. What is the tens digit of o?
1
Let s = -19 - -12. What is the units digit of -3 - -2 - (-99 - s)?
1
Suppose w + 4 = -2*c + 14, -2*w + 2*c - 4 = 0. Let x(g) = 8*g - 25*g**w + 26*g**2 + 13 + 3*g. What is the tens digit of x(-11)?
1
Suppose a - 45 = -17. Suppose -o + 1 + a = 0. What is the units digit of o?
9
Suppose 0 = -32*k + 3502 + 3890. What is the tens digit of k?
3
Let a(z) = z**3 - 5*z**2 + 8*z + 7. Let v be a(4). Let n = v - 19. What is the units digit of n?
4
Let g = 7 - -13. Let o be (-67)/(-4) + 5/g. Let m = 4 + o. What is the units digit of m?
1
Suppose 16*h + r = 13*h + 10923, -2*r = 0. What is the hundreds digit of h?
6
What is the hundreds digit of 19590/18*(-12)/(-10)?
3
Suppose 0 = -n + 3*a - 2, -5*n + 4*a + 12 = -0*a. Suppose n*x - 9*x + 855 = 0. What is the tens digit of x?
7
What is the tens digit of 365/(3 + -2 + 0)?
6
Let i(f) = f**3 - 16*f**2 + f + 21. Let g = -13 - -29. What is the units digit of i(g)?
7
Let k(c) = 5*c**2 - 11*c + 12. What is the hundreds digit of k(12)?
6
Let q be -2 - ((-2)/4 - (-184)/(-16)). What is the units digit of q/4*234/15?
9
What is the hundreds digit of ((-13068)/(-90))/((-4)/(-10))?
3
Let t(k) = -k**3 - 4*k**2 - 8*k - 15. Suppose -5*a - 7*a = 72. What is the units digit of t(a)?
5
Suppose -16*u + 6*u + 20490 = 0. What is the units digit of u?
9
Let s(q) be the third derivative of -q**6/120 + q**5/12 + q**4/12 + q**3/2 + 11*q**2. What is the units digit of s(3)?
7
Suppose -144 = 2*g - 988. Suppose n = -5*u + 211, 2*n + 10*u - g = 15*u. What is the units digit of n?
1
Let y = 6711 - 1651. What is the thousands digit of y?
5
Let g(p) = 23*p + 3. Let v(b) = -3*b + 1. Let r(y) = -5*y + 2. Let t(m) = 4*r(m) - 7*v(m). Let n(a) = -g(a) - 3*t(a). What is the units digit of n(-2)?
6
Let u(v) = -61*v + 2226. What is the hundreds digit of u(0)?
2
Suppose 6928 = -5*m + 21*m. What is the tens digit of m?
3
Let q = 19 + -17. Suppose q*r = 40 + 12. What is the tens digit of r?
2
Let h(s) = -33*s - 5. What is the units digit of h(-9)?
2
Let g be 3*(-3)/((-18)/8). Let x be 90/36*8/5. Suppose 12 = g*k + 2*c, x*c = -3*k + 2*c + 10. What is the units digit of k?
2
Suppose -10*j = -13*j - 2*g + 1865, 2456 = 4*j - 5*g. What is the units digit of j?
9
Let r(y) = 6*y + 4*y**2 - 9 + 0*y**2 - 2*y**2 + 11. Let i be r(-5). Suppose 0 = -5*v + i + 128. What is the tens digit of v?
3
Suppose -s + 5*s - 3*b - 31 = 0, 4*s = -b + 11. Suppose -3*c = -9, -g - 152 = -2*g + s*c. What is the hundreds digit of g?
1
Let i = -13 + 13. Suppose -3*f - m - 1 = i, 0 = m + 3*m + 16. What is the units digit of 7/14*10*f?
5
Let z = -549 + 873. Let j = -230 + z. What is the tens digit of j?
9
Let h(p) = 2*p**2 - 2*p + 46. Let f be (-1 - 3 - -4)*1. What is the tens digit of h(f)?
4
Let q(n) = n**3 + 3*n**2 - 2*n - 11. Suppose -6*x - 26 = -56. What is the units digit of q(x)?
9
What is the tens digit of 2509*(42/147)/(4/14)?
0
Let b be (-47)/(-9) - 8/36. Suppose -b*o = -4 - 16. Let z = o - 1. What is the units digit of z?
3
Suppose -3*l + f = -15, 4*l + 3*f - 1 = 6. Suppose l*z - 3*z = -20. Let c = -8 - z. What is the tens digit of c?
1
Suppose 3*b - 811 - 305 = 0. What is the hundreds digit of b?
3
Suppose -7 - 11 = -3*r. Let z(w) = 3*w**2 - 3*w + 3. Let m be z(1). What is the units digit of 10/r - (-1)/m?
2
Let u be ((-3016)/(-65))/((-2)/(-10)). Suppose -u = z + 5*w, -w = 4*w + 20. What is the tens digit of (z/(-6))/(12/18)?
5
Let a(p) = -15*p - 4. Let s = 1 + 5. Suppose -s = 4*k + 6. What is the tens digit of a(k)?
4
Let r(v) = -v**2 + 10*v - 5. Let x be r(9). Suppose 20 + 4 = x*u. Suppose u*b - 54 = 3*b - 3*l, 2*l = 4*b - 66. What is the units digit of b?
7
Suppose -2*f = -42*f + 25240. What is the units digit of f?
1
Let y(n) = -n**2 + 8*n + 1. Let p = -9 - -13. Let b be y(p). Let w = b - 5. What is the tens digit of w?
1
Let b(j) = -j**3 + 4*j**2 + 3. Let t be -3 + (2 - -7) + -3. Let g(z) = -z + 6. Let m be g(t). What is the tens digit of b(m)?
1
What is the units digit of 3/(-2) - 4959/(-18)?
4
Suppose 3*l + l + 251 = p, 0 = 3*l + 15. Let v = -132 + p. What is the units digit of v?
9
Let z(g) = 5*g + 93. What is the units digit of z(-7)?
8
Let k(u) = -9*u - 2. Let o be k(-2). Suppose -i = 1 - o. What is the units digit of i?
5
Let m be -1 + (3 + -3 - 15/(-3)). Suppose -6*i + m*i = -232. What is the units digit of i?
6
Suppose -5*k = -2*z - 26, k - 4*k + z = -15. What is the units digit of 4*(4 - 1/k)?
5
Let j be (-1481)/(-3) + 2 - 1/(-3). Suppose 2*p + 89 = l, -5*l = -p + 96 - j. What is the units digit of l?
9
Suppose 0 = -4*q - t - 93, -5*q - 2*t - 171 + 54 = 0. Let n = q + 24. What is the units digit of n?
1
Let v(q) = q**3 - 5*q**2 - 4*q - 7. Suppose -4*m + 8 + 16 = 0. Let i be v(m). Suppose 2*o - o = 2*n + 75, -i*n + 248 = 4*o. What is the tens digit of o?
6
Suppose -2*z - 3*z = -10. Suppose u + 5*p - 3 = -0*p, -2*p = z. Suppose 2*s + u = 5*q - 26, 2*s = -4*q + 20. What is the units digit of q?
6
Let n(w) = w**2 - 8*w - 4. Let l be n(7). Let p = l + 18. Suppose -p = 5*c - 137. What 